 0, -4*o + 556 = 4*t. Let u be 28/(4 - 2) - -1. What is the greatest common factor of t and u?
15
Suppose 5*y - 3*y = 3*g + 233, 2*g + 5*y + 187 = 0. Let p = g + 135. Calculate the greatest common factor of 6 and p.
6
Let b = 172 + -138. Calculate the highest common divisor of 119 and b.
17
Suppose 279 = 2*s - 3*z, -5*s + 5*z + 416 = -2*s. Suppose 3*v + s = 6*v. What is the greatest common factor of v and 7?
7
Suppose 30 = 4*t + 2. Suppose -4*i - i + 15 = 0. Let y(b) = -b**3 + 2*b**2 + 4*b - 2. Let q be y(i). What is the greatest common divisor of t and q?
1
Let f(v) = -2*v**2 + 23*v - 8. Let w be f(11). Suppose w*y = -15, 0*y - 4*y - 140 = -4*l. What is the highest common divisor of l and 75?
15
Let z(o) = -2*o**3. Let w be z(-1). Suppose -3*b - 2*b + 15 = 0. What is the greatest common divisor of b and w?
1
Suppose 0 = 2*a + 3*a - 45. Let p(n) = -2*n**3 + 26*n**2 - 26*n + 30. Let u be p(12). What is the highest common divisor of u and a?
3
Suppose 4*u + 56 = -5*z + 238, 0 = 3*u - z - 146. Calculate the greatest common divisor of 32 and u.
16
Suppose 9 = 3*k + 2*p, -9 = -0*k - 3*k - 5*p. Suppose 2*o - l + 6*l = 100, 0 = k*l. Let b = 22 + o. What is the highest common divisor of 8 and b?
8
Let f be (-50)/75 + ((-150)/(-9))/1. Let n = -184 + 292. Let j be 2/5 + n/30. Calculate the highest common divisor of j and f.
4
Let h(i) = i**3 - 5*i**2 - 10*i + 2. Let u be h(4). Let d = 62 + u. What is the greatest common divisor of d and 8?
8
Let q = 132 - -237. Let w = q + -193. Suppose 0 = -4*x + 3*p - 23 + 72, -4*p = -20. Calculate the greatest common factor of w and x.
16
Let b(z) = -16*z + 30*z - 13*z + 5. Let c(y) = 6*y - 3. Let x be c(2). Let j be b(x). What is the greatest common factor of j and 70?
14
Suppose -12*q - 39*q + 204 = 0. Suppose 3*f + 5*o = 73, 3*f - f - 49 = -3*o. Calculate the greatest common divisor of q and f.
2
Let h = -26 - -39. Suppose 53*a - 702 = 44*a. What is the greatest common factor of a and h?
13
Let c(x) = x - 6. Let z be c(8). Suppose z*g + 34 = 4*g. Suppose i - 23 = -3*o + 4, i = -o + g. What is the highest common divisor of i and 18?
6
Suppose 3*b - 52 = 5*k + 105, 0 = -5*b - 3*k + 273. What is the highest common divisor of b and 189?
27
Suppose -85 = -3*v - 1. Let x be (7/6)/(43/258). What is the highest common factor of x and v?
7
Let u(k) = -3*k**2 + 27*k - 5. Let j be u(7). What is the greatest common factor of j and 333?
37
Let g be -3 + (16 - 10 - -7). Calculate the highest common divisor of 180 and g.
10
Let q(z) = z + 14. Let w be q(-7). Suppose -w*y = -3*y - 24. What is the greatest common factor of 12 and y?
6
Let x(m) = 21*m**2 + 28*m + 25. Let z be x(-3). What is the highest common factor of 351 and z?
13
Let d(x) = -17*x**3 - 1. Let s be d(-1). Suppose 0 = 4*m - s. Let v(r) = 13*r + 2. Let o be v(2). Calculate the highest common divisor of o and m.
4
Let w(g) be the second derivative of g**5/20 + g**4/6 - 7*g**3/6 - 5*g**2/2 + 4*g. Let m be w(4). Calculate the greatest common factor of 7 and m.
7
Suppose 155 = 2*p - 53. Let i(f) = f + 60. Let w be i(0). Suppose 4 = 4*k - 2*k, 4*k = -4*q + w. Calculate the greatest common factor of p and q.
13
Let p = 930 + -608. Calculate the greatest common factor of 70 and p.
14
Let d be (15/2)/((-30)/(-20)). Suppose -f + 15 = -6*f, -35 = -5*v + d*f. What is the greatest common factor of v and 2?
2
Suppose 0 = 5*s + 4*w - 16, 0 = -4*s + 3*s - 4*w. Suppose 2*m - 16 = 3*i, -s*m - 12 = 3*i - 80. Calculate the highest common factor of m and 112.
14
Suppose -3*v = 12, 2*b + 0 = -5*v - 18. Let g be -4 - (0 - b)*7. Calculate the greatest common divisor of g and 3.
3
Suppose 0 = 4*h + 8, 28*r - 3*h + 1018 = 32*r. Calculate the highest common divisor of 96 and r.
32
Let c = 382 + -328. Calculate the greatest common divisor of 2 and c.
2
Let s = -86 + 2230. Calculate the greatest common divisor of s and 16.
16
Suppose 265 = 5*w + 85. Let d = -171 - -261. What is the highest common factor of d and w?
18
Suppose -5*l + 1298 - 278 = 0. Let c be ((-1)/(-3))/(1/l). Suppose 298 = 3*z - 2*x, -4*x + 528 - c = 5*z. Calculate the highest common factor of z and 12.
12
Suppose -5*w + 8*w - 30 = 0. Suppose -4*h - 28 + w = -5*x, 0 = 4*h + 2*x + 4. Let r be 20*(-4 + 3 - h). What is the highest common divisor of 50 and r?
10
Let w(o) = 26*o**3 - 2*o**2 + 2*o - 1. Let m be w(2). Suppose -5*n + 265 = 5*k, 2*n + m = 4*k - 33. Calculate the highest common factor of 95 and k.
19
Let p be 1162/84 + (-4)/(-24). What is the highest common factor of p and 266?
14
Let m = -289 - -309. What is the highest common factor of m and 1220?
20
Suppose 1316 = 26*h - 1388. Calculate the greatest common divisor of 13 and h.
13
Let p be 3392/22 + (-6)/33. Suppose -v - v = -p. Suppose -5*n + 5*r + 40 = 0, 2*r - 8 = 3*n - 35. What is the highest common divisor of n and v?
11
Let c be (0 + -3)/((-6)/36). Let r = 238 - 202. What is the highest common divisor of r and c?
18
Suppose -571 + 1055 - 584 = -20*n. Suppose 8*v = 3*v + 580. Suppose 10 = m - 3*k, -k + 14 = 5*m - v. Calculate the greatest common factor of n and m.
5
Let d = -57 + 22. Let l be 2/10 - 518/d. Let x be (((-135)/(-20))/9)/((-1)/(-4)). What is the greatest common divisor of x and l?
3
Suppose -1144 = 11*w - 19*w. Calculate the greatest common factor of 13 and w.
13
Suppose -154 = s - 159. Calculate the greatest common divisor of s and 20.
5
Suppose -5 = 5*j + 30. Let a(z) = -z**2 - 12*z - 24. Let t be a(j). What is the greatest common divisor of t and 55?
11
Suppose -15*q + 10878 = -5292. Calculate the greatest common factor of q and 22.
22
Suppose -29 = -4*o + 4*u - 17, -u = 0. Let l be ((-3)/(-9))/((-3)/(-9)). Suppose i + l = 2. What is the greatest common divisor of i and o?
1
Suppose 2*h + 2*q = -h + 110, -5*q - 139 = -4*h. What is the greatest common divisor of 48 and h?
12
Suppose 312 = 4*j - 668. What is the highest common factor of j and 35?
35
Let i(v) = 61*v - 253. Let k be i(5). What is the greatest common divisor of k and 572?
52
Let f = -12 + 14. Let k be f/(-7) + 308/49. Let v be -1*15/(3 - k). Calculate the greatest common factor of v and 45.
5
Let b be ((-72)/15)/((-1)/30). What is the highest common divisor of b and 72?
72
Suppose -183 = -4*n + 73. Suppose -5*d - 32 = -4*y - 0*y, -40 = -5*y + 4*d. What is the highest common divisor of y and n?
8
Suppose -18*p = -17*p - 56. Suppose -5*j + 506 = p. Calculate the greatest common divisor of j and 18.
18
Let y be (-4)/(-2) - (3 - 6). Suppose -4*b - y*k = -3*k + 2, 0 = 4*b - k - 13. Calculate the greatest common divisor of b and 6.
2
Let a = 743 + -725. What is the greatest common factor of 60 and a?
6
Let b be (-2)/(-2)*31 - (0 + 4). Suppose 5*g - b = 4*l + 25, 0 = g + 4*l + 4. What is the greatest common factor of 32 and g?
8
Let g = -292 + 679. Calculate the highest common factor of g and 45.
9
Suppose -6 = 2*l + 2*i, 3*i = -4*l - 2*i - 17. Let d be (7*2 - l)/((-8)/(-68)). Calculate the highest common divisor of d and 68.
34
Let o = -29 + 36. Suppose 0 = -0*z - o*z. Suppose z = -n + 1, -2*f + 0*f = 2*n - 26. What is the highest common divisor of 36 and f?
12
Let c(v) = -2*v**3 - 5*v**2 - 6*v. Let p be c(-2). Suppose p*s - 7*s = 165. Calculate the highest common divisor of s and 15.
15
Suppose 3*s - 13*f + 10*f = 24, -f = s - 16. What is the highest common factor of 108 and s?
12
Let i = -26 + 74. Suppose -3*y + y + 20 = 0. Suppose -2*j + h - 8 = -4*j, -y = -3*j - 2*h. Calculate the highest common factor of j and i.
6
Let j(u) = u**3 - 33*u**2 + 100*u + 1. Let k be j(30). Calculate the highest common factor of k and 86.
43
Let v(w) = w**2 - 7*w + 4. Let a be 25/3 - (-6)/(-18). Let z be v(a). Suppose 0 = 7*s + 8 - 29. What is the highest common factor of s and z?
3
Let w be -6 + 4 - (1 - 103). Let m = w + -50. What is the greatest common factor of m and 125?
25
Suppose 8*q - 18 = 6*q. Suppose 4*y = q*y. Suppose -4*p = y, 0*f + 2*p = f - 11. What is the greatest common divisor of f and 22?
11
Let w be 1 + (3 - 7) + 84. What is the greatest common divisor of 891 and w?
81
Suppose 118 = 3*f - 2*q, -1 = -4*q + 15. Calculate the greatest common factor of f and 112.
14
Let t(y) = 4*y**3 - 6*y**2 + 5. Let z be t(4). Let l(n) = 2*n**3 + 103*n**2 - 52*n + 55. Let u be l(-52). Calculate the grea